{"id":650,"date":"2023-08-15T20:09:16","date_gmt":"2023-08-15T18:09:16","guid":{"rendered":"https:\/\/ecoledutaiji.eu\/?page_id=650"},"modified":"2023-12-12T23:13:54","modified_gmt":"2023-12-12T22:13:54","slug":"le-bureau","status":"publish","type":"page","link":"https:\/\/ecoledutaiji.eu\/index.php\/lecole-du-tai-ji\/le-bureau\/","title":{"rendered":"Le bureau"},"content":{"rendered":"\n<p><strong>Le bureau actuel de l\u2019association est compos\u00e9 de :<\/strong><\/p>\n\n\n\n<ul class=\"wp-block-list\">\n<li>Pr\u00e9sident: Anil Javer Kala<\/li>\n<\/ul>\n\n\n\n<ul class=\"wp-block-list\">\n<li>Tr\u00e9sori\u00e8re : V\u00e9ronique Lorillard<\/li>\n<\/ul>\n\n\n\n<ul class=\"wp-block-list\">\n<li>Secr\u00e9taire : Marie Beaudenon<\/li>\n<\/ul>\n\n\n\n<p><strong>Si\u00e8ge social<\/strong> : Maison des Associations 46ter rue Ste Catherine 45000 Orl\u00e9ans<\/p>\n\n\n\n<p>Adresse courrier : chez Eric Conte, 3 Rue Charles baudelaire, 45400 Fleury les Aubrais<\/p>\n\n\n\n<p>Tel : 06 87 17 40 46<\/p>\n\n\n\n<p>Courriel : <a href=\"mailto:contact@ecoledutaiji.eu\">contact@ecoledutaiji.eu<\/a><\/p>\n","protected":false},"excerpt":{"rendered":"<p>Le bureau actuel de l\u2019association est compos\u00e9 de : Si\u00e8ge social : Maison des Associations 46ter rue Ste Catherine 45000 Orl\u00e9ans Adresse courrier : chez Eric Conte, 3 Rue Charles baudelaire, 45400 Fleury les Aubrais &hellip;<\/p>\n","protected":false},"author":1,"featured_media":0,"parent":57,"menu_order":0,"comment_status":"closed","ping_status":"closed","template":"","meta":{"footnotes":""},"class_list":["post-650","page","type-page","status-publish","hentry"],"_links":{"self":[{"href":"https:\/\/ecoledutaiji.eu\/index.php\/wp-json\/wp\/v2\/pages\/650","targetHints":{"allow":["GET"]}}],"collection":[{"href":"https:\/\/ecoledutaiji.eu\/index.php\/wp-json\/wp\/v2\/pages"}],"about":[{"href":"https:\/\/ecoledutaiji.eu\/index.php\/wp-json\/wp\/v2\/types\/page"}],"author":[{"embeddable":true,"href":"https:\/\/ecoledutaiji.eu\/index.php\/wp-json\/wp\/v2\/users\/1"}],"replies":[{"embeddable":true,"href":"https:\/\/ecoledutaiji.eu\/index.php\/wp-json\/wp\/v2\/comments?post=650"}],"version-history":[{"count":4,"href":"https:\/\/ecoledutaiji.eu\/index.php\/wp-json\/wp\/v2\/pages\/650\/revisions"}],"predecessor-version":[{"id":856,"href":"https:\/\/ecoledutaiji.eu\/index.php\/wp-json\/wp\/v2\/pages\/650\/revisions\/856"}],"up":[{"embeddable":true,"href":"https:\/\/ecoledutaiji.eu\/index.php\/wp-json\/wp\/v2\/pages\/57"}],"wp:attachment":[{"href":"https:\/\/ecoledutaiji.eu\/index.php\/wp-json\/wp\/v2\/media?parent=650"}],"curies":[{"name":"wp","href":"https:\/\/api.w.org\/{rel}","templated":true}]}}